{"id":3438,"date":"2023-12-13T14:21:59","date_gmt":"2023-12-13T14:21:59","guid":{"rendered":"https:\/\/development.bm-group.si\/cart\/"},"modified":"2024-09-28T12:29:53","modified_gmt":"2024-09-28T12:29:53","slug":"cart-2","status":"publish","type":"page","link":"https:\/\/development.bm-group.si\/?page_id=3438","title":{"rendered":"Ko\u0161arica"},"content":{"rendered":"<p><div class=\"fusion-fullwidth fullwidth-box fusion-builder-row-1 fusion-flex-container has-pattern-background has-mask-background nonhundred-percent-fullwidth non-hundred-percent-height-scrolling\" style=\"--awb-border-radius-top-left:0px;--awb-border-radius-top-right:0px;--awb-border-radius-bottom-right:0px;--awb-border-radius-bottom-left:0px;--awb-padding-top:48px;--awb-flex-wrap:wrap;\" ><div class=\"fusion-builder-row fusion-row fusion-flex-align-items-flex-start fusion-flex-content-wrap\" style=\"max-width:1456px;margin-left: calc(-4% \/ 2 );margin-right: calc(-4% \/ 2 );\"><div class=\"fusion-layout-column fusion_builder_column fusion-builder-column-0 fusion_builder_column_1_1 1_1 fusion-flex-column\" style=\"--awb-padding-top:64px;--awb-padding-right:80px;--awb-padding-bottom:64px;--awb-padding-left:80px;--awb-overflow:hidden;--awb-bg-image:radial-gradient(circle at center center, hsla(var(--awb-color5-h),var(--awb-color5-s),var(--awb-color5-l),calc(var(--awb-color5-a) - 100%)) 30%,hsla(var(--awb-color5-h),var(--awb-color5-s),var(--awb-color5-l),calc(var(--awb-color5-a) - 70%)) 100%);;--awb-bg-position:center center;--awb-bg-size:cover;--awb-border-radius:8px 8px 8px 8px;--awb-width-large:100%;--awb-margin-top-large:0px;--awb-spacing-right-large:1.92%;--awb-margin-bottom-large:0px;--awb-spacing-left-large:1.92%;--awb-width-medium:100%;--awb-order-medium:0;--awb-spacing-right-medium:1.92%;--awb-spacing-left-medium:1.92%;--awb-width-small:100%;--awb-order-small:0;--awb-spacing-right-small:1.92%;--awb-spacing-left-small:1.92%;\"><div class=\"fusion-column-wrapper lazyload fusion-column-has-shadow fusion-flex-justify-content-flex-start fusion-content-layout-column fusion-column-has-bg-image\" data-bg-url=\"https:\/\/development.bm-group.si\/wp-content\/uploads\/2024\/01\/vegan-store-hero-1.jpg\" data-bg=\"https:\/\/development.bm-group.si\/wp-content\/uploads\/2024\/01\/vegan-store-hero-1.jpg\" data-bg-gradient=\"radial-gradient(circle at center center, hsla(var(--awb-color5-h),var(--awb-color5-s),var(--awb-color5-l),calc(var(--awb-color5-a) - 100%)) 30%,hsla(var(--awb-color5-h),var(--awb-color5-s),var(--awb-color5-l),calc(var(--awb-color5-a) - 70%)) 100%)\"><div class=\"fusion-title title fusion-title-1 fusion-sep-none fusion-title-center fusion-title-text fusion-title-size-two\" style=\"--awb-font-size:44px;\"><h2 class=\"fusion-title-heading title-heading-center\" style=\"margin:0;font-size:1em;\">Va\u0161a ko\u0161arica je prazna.<\/h2><\/div><div class=\"fusion-text fusion-text-1\" style=\"--awb-content-alignment:center;\"><p>Dodajte nekaj izdelkov v va\u0161o ko\u0161arico tako, da obi\u0161\u010dete na\u0161o <a href=\"https:\/\/development.bm-group.si\/?page_id=3437\">stran trgovina<\/a>.<\/p>\n<\/div><\/div><\/div><\/div><\/div><div class=\"fusion-fullwidth fullwidth-box fusion-builder-row-2 fusion-flex-container has-pattern-background has-mask-background nonhundred-percent-fullwidth non-hundred-percent-height-scrolling\" style=\"--awb-border-radius-top-left:0px;--awb-border-radius-top-right:0px;--awb-border-radius-bottom-right:0px;--awb-border-radius-bottom-left:0px;--awb-padding-top:48px;--awb-flex-wrap:wrap;\" ><div class=\"fusion-builder-row fusion-row fusion-flex-align-items-flex-start fusion-flex-content-wrap\" style=\"max-width:1456px;margin-left: calc(-4% \/ 2 );margin-right: calc(-4% \/ 2 );\"><\/div><\/div><\/p>\n","protected":false},"excerpt":{"rendered":"","protected":false},"author":1,"featured_media":0,"parent":0,"menu_order":0,"comment_status":"closed","ping_status":"closed","template":"100-width.php","meta":{"footnotes":""},"class_list":["post-3438","page","type-page","status-publish","hentry"],"yoast_head":"<!-- This site is optimized with the Yoast SEO plugin v27.0 - https:\/\/yoast.com\/product\/yoast-seo-wordpress\/ -->\n<title>Ko\u0161arica - Siena Cosmetics<\/title>\n<meta name=\"robots\" content=\"index, follow, max-snippet:-1, max-image-preview:large, max-video-preview:-1\" \/>\n<link rel=\"canonical\" href=\"https:\/\/development.bm-group.si\/?page_id=3438\" \/>\n<meta property=\"og:locale\" content=\"sl_SI\" \/>\n<meta property=\"og:type\" content=\"article\" \/>\n<meta property=\"og:title\" content=\"Ko\u0161arica - Siena Cosmetics\" \/>\n<meta property=\"og:url\" content=\"https:\/\/development.bm-group.si\/?page_id=3438\" \/>\n<meta property=\"og:site_name\" content=\"Siena Cosmetics\" \/>\n<meta property=\"article:modified_time\" content=\"2024-09-28T12:29:53+00:00\" \/>\n<meta name=\"twitter:card\" content=\"summary_large_image\" \/>\n<meta name=\"twitter:label1\" content=\"Est. reading time\" \/>\n\t<meta name=\"twitter:data1\" content=\"3 minute\" \/>\n<script type=\"application\/ld+json\" class=\"yoast-schema-graph\">{\"@context\":\"https:\/\/schema.org\",\"@graph\":[{\"@type\":\"WebPage\",\"@id\":\"https:\/\/development.bm-group.si\/?page_id=3438\",\"url\":\"https:\/\/development.bm-group.si\/?page_id=3438\",\"name\":\"Ko\u0161arica - Siena Cosmetics\",\"isPartOf\":{\"@id\":\"https:\/\/development.bm-group.si\/#website\"},\"datePublished\":\"2023-12-13T14:21:59+00:00\",\"dateModified\":\"2024-09-28T12:29:53+00:00\",\"breadcrumb\":{\"@id\":\"https:\/\/development.bm-group.si\/?page_id=3438#breadcrumb\"},\"inLanguage\":\"sl-SI\",\"potentialAction\":[{\"@type\":\"ReadAction\",\"target\":[\"https:\/\/development.bm-group.si\/?page_id=3438\"]}]},{\"@type\":\"BreadcrumbList\",\"@id\":\"https:\/\/development.bm-group.si\/?page_id=3438#breadcrumb\",\"itemListElement\":[{\"@type\":\"ListItem\",\"position\":1,\"name\":\"Home\",\"item\":\"https:\/\/development.bm-group.si\/\"},{\"@type\":\"ListItem\",\"position\":2,\"name\":\"Ko\u0161arica\"}]},{\"@type\":\"WebSite\",\"@id\":\"https:\/\/development.bm-group.si\/#website\",\"url\":\"https:\/\/development.bm-group.si\/\",\"name\":\"Siena Cosmetics\",\"description\":\"Premium kozmetika in izdelki za nego ko\u017ee\",\"publisher\":{\"@id\":\"https:\/\/development.bm-group.si\/#organization\"},\"potentialAction\":[{\"@type\":\"SearchAction\",\"target\":{\"@type\":\"EntryPoint\",\"urlTemplate\":\"https:\/\/development.bm-group.si\/?s={search_term_string}\"},\"query-input\":{\"@type\":\"PropertyValueSpecification\",\"valueRequired\":true,\"valueName\":\"search_term_string\"}}],\"inLanguage\":\"sl-SI\"},{\"@type\":\"Organization\",\"@id\":\"https:\/\/development.bm-group.si\/#organization\",\"name\":\"Siena Cosmetics\",\"url\":\"https:\/\/development.bm-group.si\/\",\"logo\":{\"@type\":\"ImageObject\",\"inLanguage\":\"sl-SI\",\"@id\":\"https:\/\/development.bm-group.si\/#\/schema\/logo\/image\/\",\"url\":\"https:\/\/development.bm-group.si\/wp-content\/uploads\/2024\/09\/SiennaCosmeticsLogo.png\",\"contentUrl\":\"https:\/\/development.bm-group.si\/wp-content\/uploads\/2024\/09\/SiennaCosmeticsLogo.png\",\"width\":183,\"height\":57,\"caption\":\"Siena Cosmetics\"},\"image\":{\"@id\":\"https:\/\/development.bm-group.si\/#\/schema\/logo\/image\/\"}}]}<\/script>\n<!-- \/ Yoast SEO plugin. -->","yoast_head_json":{"title":"Ko\u0161arica - Siena Cosmetics","robots":{"index":"index","follow":"follow","max-snippet":"max-snippet:-1","max-image-preview":"max-image-preview:large","max-video-preview":"max-video-preview:-1"},"canonical":"https:\/\/development.bm-group.si\/?page_id=3438","og_locale":"sl_SI","og_type":"article","og_title":"Ko\u0161arica - Siena Cosmetics","og_url":"https:\/\/development.bm-group.si\/?page_id=3438","og_site_name":"Siena Cosmetics","article_modified_time":"2024-09-28T12:29:53+00:00","twitter_card":"summary_large_image","twitter_misc":{"Est. reading time":"3 minute"},"schema":{"@context":"https:\/\/schema.org","@graph":[{"@type":"WebPage","@id":"https:\/\/development.bm-group.si\/?page_id=3438","url":"https:\/\/development.bm-group.si\/?page_id=3438","name":"Ko\u0161arica - Siena Cosmetics","isPartOf":{"@id":"https:\/\/development.bm-group.si\/#website"},"datePublished":"2023-12-13T14:21:59+00:00","dateModified":"2024-09-28T12:29:53+00:00","breadcrumb":{"@id":"https:\/\/development.bm-group.si\/?page_id=3438#breadcrumb"},"inLanguage":"sl-SI","potentialAction":[{"@type":"ReadAction","target":["https:\/\/development.bm-group.si\/?page_id=3438"]}]},{"@type":"BreadcrumbList","@id":"https:\/\/development.bm-group.si\/?page_id=3438#breadcrumb","itemListElement":[{"@type":"ListItem","position":1,"name":"Home","item":"https:\/\/development.bm-group.si\/"},{"@type":"ListItem","position":2,"name":"Ko\u0161arica"}]},{"@type":"WebSite","@id":"https:\/\/development.bm-group.si\/#website","url":"https:\/\/development.bm-group.si\/","name":"Siena Cosmetics","description":"Premium kozmetika in izdelki za nego ko\u017ee","publisher":{"@id":"https:\/\/development.bm-group.si\/#organization"},"potentialAction":[{"@type":"SearchAction","target":{"@type":"EntryPoint","urlTemplate":"https:\/\/development.bm-group.si\/?s={search_term_string}"},"query-input":{"@type":"PropertyValueSpecification","valueRequired":true,"valueName":"search_term_string"}}],"inLanguage":"sl-SI"},{"@type":"Organization","@id":"https:\/\/development.bm-group.si\/#organization","name":"Siena Cosmetics","url":"https:\/\/development.bm-group.si\/","logo":{"@type":"ImageObject","inLanguage":"sl-SI","@id":"https:\/\/development.bm-group.si\/#\/schema\/logo\/image\/","url":"https:\/\/development.bm-group.si\/wp-content\/uploads\/2024\/09\/SiennaCosmeticsLogo.png","contentUrl":"https:\/\/development.bm-group.si\/wp-content\/uploads\/2024\/09\/SiennaCosmeticsLogo.png","width":183,"height":57,"caption":"Siena Cosmetics"},"image":{"@id":"https:\/\/development.bm-group.si\/#\/schema\/logo\/image\/"}}]}},"_links":{"self":[{"href":"https:\/\/development.bm-group.si\/index.php?rest_route=\/wp\/v2\/pages\/3438","targetHints":{"allow":["GET"]}}],"collection":[{"href":"https:\/\/development.bm-group.si\/index.php?rest_route=\/wp\/v2\/pages"}],"about":[{"href":"https:\/\/development.bm-group.si\/index.php?rest_route=\/wp\/v2\/types\/page"}],"author":[{"embeddable":true,"href":"https:\/\/development.bm-group.si\/index.php?rest_route=\/wp\/v2\/users\/1"}],"replies":[{"embeddable":true,"href":"https:\/\/development.bm-group.si\/index.php?rest_route=%2Fwp%2Fv2%2Fcomments&post=3438"}],"version-history":[{"count":5,"href":"https:\/\/development.bm-group.si\/index.php?rest_route=\/wp\/v2\/pages\/3438\/revisions"}],"predecessor-version":[{"id":3509,"href":"https:\/\/development.bm-group.si\/index.php?rest_route=\/wp\/v2\/pages\/3438\/revisions\/3509"}],"wp:attachment":[{"href":"https:\/\/development.bm-group.si\/index.php?rest_route=%2Fwp%2Fv2%2Fmedia&parent=3438"}],"curies":[{"name":"wp","href":"https:\/\/api.w.org\/{rel}","templated":true}]}}